hest common divisor of 1701 and 315?
63
Calculate the highest common factor of 630 and 18.
18
What is the greatest common factor of 51 and 85?
17
What is the greatest common factor of 164 and 4?
4
What is the highest common factor of 174 and 261?
87
What is the greatest common divisor of 533 and 1107?
41
Calculate the greatest common divisor of 153 and 51.
51
Calculate the highest common divisor of 104 and 13.
13
What is the greatest common divisor of 18 and 6?
6
Calculate the highest common divisor of 1648 and 48.
16
What is the highest common divisor of 15 and 16005?
15
What is the highest common divisor of 230 and 1265?
115
What is the highest common divisor of 157 and 4?
1
Calculate the greatest common divisor of 636 and 12.
12
What is the greatest common factor of 606 and 49389?
303
What is the highest common factor of 28 and 63?
7
What is the highest common divisor of 80 and 1040?
80
Calculate the highest common factor of 21 and 27.
3
Calculate the greatest common factor of 795 and 15.
15
Calculate the greatest common divisor of 3980 and 20.
20
Calculate the greatest common divisor of 830 and 83.
83
Calculate the highest common divisor of 9130 and 110.
110
What is the highest common divisor of 900 and 3240?
180
Calculate the greatest common divisor of 582 and 2522.
194
What is the highest common factor of 252 and 84?
84
Calculate the greatest common factor of 171 and 9.
9
Calculate the greatest common divisor of 104 and 195.
13
Calculate the greatest common factor of 28 and 1841.
7
What is the highest common factor of 26680 and 736?
184
What is the greatest common divisor of 126 and 1176?
42
Calculate the highest common divisor of 57 and 437.
19
Calculate the highest common factor of 190 and 20.
10
What is the highest common divisor of 116 and 319?
29
Calculate the highest common divisor of 37 and 4921.
37
What is the greatest common factor of 92 and 80?
4
What is the greatest common divisor of 138 and 897?
69
Calculate the highest common factor of 4886 and 182.
14
Calculate the highest common factor of 90 and 2115.
45
What is the highest common divisor of 1320 and 192?
24
What is the highest common divisor of 224 and 14?
14
Calculate the highest common divisor of 144 and 198.
18
What is the highest common factor of 55 and 825?
55
What is the greatest common divisor of 567 and 162?
81
Calculate the greatest common divisor of 285 and 60.
15
What is the highest common divisor of 247 and 39?
13
What is the greatest common factor of 14432 and 22?
22
What is the greatest common divisor of 78 and 12?
6
Calculate the highest common divisor of 37592 and 148.
148
Calculate the highest common divisor of 94 and 893.
47
Calculate the greatest common factor of 3 and 51.
3
What is the greatest common divisor of 629 and 37?
37
What is the greatest common factor of 152 and 114?
38
What is the greatest common divisor of 9 and 927?
9
What is the highest common divisor of 57 and 152?
19
Calculate the greatest common divisor of 7456 and 233.
233
Calculate the greatest common divisor of 56 and 6.
2
What is the greatest common factor of 1003 and 1298?
59
What is the highest common factor of 3 and 85?
1
What is the greatest common divisor of 228 and 156?
12
What is the greatest common factor of 2805 and 1815?
165
Calculate the highest common factor of 128 and 20.
4
Calculate the greatest common factor of 26 and 5486.
26
Calculate the highest common factor of 72 and 1016.
8
What is the greatest common divisor of 13 and 1664?
13
Calculate the highest common divisor of 90 and 144.
18
Calculate the highest common factor of 1216 and 24.
8
Calculate the highest common factor of 45 and 40.
5
What is the highest common factor of 14 and 62?
2
Calculate the highest common factor of 9 and 1296.
9
What is the greatest common factor of 2262 and 702?
78
Calculate the highest common divisor of 7 and 83.
1
Calculate the greatest common divisor of 3012 and 12.
12
Calculate the greatest common divisor of 9 and 219.
3
Calculate the greatest common divisor of 4 and 242.
2
Calculate the greatest common divisor of 805 and 105.
35
Calculate the highest common factor of 8 and 808.
8
What is the highest common divisor of 280 and 30?
10
Calculate the greatest common divisor of 6 and 267.
3
Calculate the greatest common factor of 65 and 2223.
13
Calculate the highest common factor of 36 and 144.
36
What is the highest common factor of 650 and 100?
50
Calculate the greatest common factor of 688 and 43.
43
Calculate the greatest common factor of 126 and 4928.
14
Calculate the highest common factor of 165 and 220.
55
Calculate the greatest common divisor of 2 and 1.
1
Calculate the highest common factor of 54825 and 15.
15
Calculate the highest common divisor of 1 and 16.
1
Calculate the greatest common divisor of 2163 and 21.
21
Calculate the greatest common factor of 170 and 306.
34
Calculate the highest common factor of 767 and 26.
13
What is the highest common factor of 37 and 1073?
37
Calculate the highest common divisor of 16 and 64.
16
Calculate the highest common divisor of 1655 and 35.
5
What is the greatest common factor of 17 and 25279?
17
Calculate the highest common divisor of 7837 and 17.
17
What is the highest common factor of 553 and 63?
7
Calculate the greatest common factor of 130 and 1885.
65
Calculate the highest common factor of 62 and 11098.
62
What is the greatest common factor of 810 and 60?
30
What is the greatest common factor of 51 and 816?
51
Calculate the greatest common factor of 18 and 1062.
18
Calculate the greatest common divisor of 98 and 378.
14
What is the highest common factor of 1151 and 1?
1
Calculate the highest common divisor of 3 and 411.
3
What is the highest common divisor of 1476 and 1599?
123
Calculate the highest common divisor of 5757 and 909.
303
What is the greatest common factor of 203 and 232?
29
Calculate the greatest common divisor of 506 and 230.
46
What is the greatest common divisor of 3012 and 48?
12
What is the greatest common divisor of 265 and 5?
5
Calculate the highest common factor of 873 and 18.
9
What is the highest common factor of 90 and 558?
18
What is the highest common factor of 4505 and 371?
53
What is the greatest common factor of 7 and 63?
7
Calculate the highest common divisor of 9383 and 11.
11
What is the highest common factor of 1848 and 88?
88
Calculate the greatest common factor of 3 and 672.
3
What is the highest common divisor of 109031 and 13?
13
What is the highest common divisor of 87 and 2349?
87
What is the highest common factor of 2420 and 340?
20
Calculate the greatest common factor of 692 and 48.
4
What is the highest common factor of 16 and 396?
4
What is the greatest common divisor of 228 and 4028?
76
Calculate the highest common factor of 1395 and 35.
5
Calculate the greatest common divisor of 8320 and 65.
65
Calculate the highest common divisor of 3210 and 10.
10
What is the greatest common factor of 793 and 305?
61
Calculate the greatest common divisor of 189 and 553.
7
Calculate the highest common divisor of 30 and 3405.
15
What is the greatest common divisor of 160 and 12?
4
What is the greatest common divisor of 7425 and 77?
11
Calculate the greatest common divisor of 34 and 238.
34
Calculate the greatest common factor of 5307 and 145.
29
What is the greatest common divisor of 13325 and 164?
41
Calculate the highest common divisor of 72 and 378.
18
Calculate the greatest common factor of 1725 and 675.
75
Calculate the greatest common factor of 23 and 81.
1
What is the highest common factor of 10 and 688?
2
What is the highest common factor of 48 and 208?
16
What is the greatest common divisor of 303 and 505?
101
What is the greatest common factor of 21 and 448?
7
Calculate the highest common divisor of 63 and 216.
9
Calculate the highest common factor of 114 and 2736.
114
Calculate the highest common divisor of 6 and 318.
6
Calculate the greatest common factor of 374 and 132.
22
Calculate the greatest common factor of 37162 and 34.
34
Calculate the highest common factor of 5 and 895.
5
What is the highest common factor of 120 and 1215?
15
Calculate the greatest common factor of 468 and 9100.
52
Calculate the greatest common factor of 21 and 807.
3
What is the greatest common factor of 16 a